se
Is 27 a factor of 1242?
True
Does 7 divide 27291?
False
Does 20 divide 427?
False
Is 1334 a multiple of 50?
False
Does 59 divide 1357?
True
Is 75 a factor of 15566?
False
Does 36 divide 8263?
False
Is 9 a factor of 144?
True
Does 10 divide 830?
True
Is 853 a multiple of 39?
False
Does 76 divide 58976?
True
Does 36 divide 1368?
True
Does 34 divide 2074?
True
Is 39 a factor of 4407?
True
Is 833 a multiple of 12?
False
Does 82 divide 6888?
True
Is 95 a factor of 42619?
False
Is 24819 a multiple of 15?
False
Does 46 divide 15133?
False
Does 80 divide 11705?
False
Is 10 a factor of 620?
True
Is 606 a multiple of 21?
False
Is 32 a factor of 1014?
False
Is 8 a factor of 624?
True
Is 216 a multiple of 18?
True
Is 22 a factor of 88?
True
Does 18 divide 20450?
False
Is 1190 a multiple of 5?
True
Is 25 a factor of 927?
False
Is 41 a factor of 779?
True
Does 25 divide 9968?
False
Is 57 a factor of 11856?
True
Is 4536 a multiple of 24?
True
Does 27 divide 5292?
True
Does 148 divide 2664?
True
Is 7 a factor of 837?
False
Does 27 divide 2919?
False
Does 22 divide 6248?
True
Is 58 a factor of 1814?
False
Does 11 divide 1199?
True
Is 15571 a multiple of 65?
False
Is 17 a factor of 5260?
False
Is 538 a multiple of 3?
False
Is 7545 a multiple of 36?
False
Does 6 divide 30?
True
Does 96 divide 19852?
False
Is 4365 a multiple of 24?
False
Is 16 a factor of 8620?
False
Is 24 a factor of 1008?
True
Does 20 divide 1900?
True
Is 6018 a multiple of 28?
False
Is 2737 a multiple of 13?
False
Is 14 a factor of 1722?
True
Is 1989 a multiple of 17?
True
Does 17 divide 2125?
True
Does 9 divide 2274?
False
Does 22 divide 1576?
False
Does 37 divide 1850?
True
Is 16 a factor of 3280?
True
Does 7 divide 2556?
False
Is 344 a multiple of 3?
False
Is 952 a multiple of 34?
True
Is 7 a factor of 1257?
False
Does 14 divide 2296?
True
Is 100 a multiple of 10?
True
Is 10452 a multiple of 26?
True
Does 61 divide 4941?
True
Is 1036 a multiple of 37?
True
Is 334 a factor of 68804?
True
Is 13189 a multiple of 11?
True
Does 30 divide 489?
False
Is 29884 a multiple of 241?
True
Does 38 divide 8132?
True
Is 51 a multiple of 27?
False
Does 48 divide 6902?
False
Does 25 divide 5150?
True
Does 25 divide 31905?
False
Is 1334 a multiple of 23?
True
Is 31374 a multiple of 42?
True
Is 416 a multiple of 8?
True
Is 9178 a multiple of 7?
False
Is 42 a factor of 32046?
True
Does 3 divide 10393?
False
Does 13 divide 202?
False
Does 27 divide 1215?
True
Does 16 divide 224?
True
Is 2352 a multiple of 38?
False
Does 29 divide 9785?
False
Is 46 a factor of 3158?
False
Is 8 a factor of 4434?
False
Is 878 a multiple of 44?
False
Does 13 divide 1430?
True
Does 7 divide 224?
True
Is 10 a factor of 13880?
True
Does 137 divide 501?
False
Does 18 divide 4176?
True
Is 19 a factor of 83013?
False
Is 9 a factor of 87633?
True
Is 18 a factor of 3316?
False
Is 3399 a multiple of 103?
True
Is 264 a multiple of 33?
True
Is 28 a factor of 476?
True
Is 26 a factor of 6669?
False
Is 31 a factor of 270?
False
Is 10908 a multiple of 36?
True
Does 33 divide 660?
True
Is 660 a multiple of 8?
False
Is 2089 a multiple of 9?
False
Is 20 a multiple of 4?
True
Is 2720 a multiple of 68?
True
Is 5 a factor of 630?
True
Is 17940 a multiple of 156?
True
Is 814 a multiple of 33?
False
Is 2138 a multiple of 75?
False
Does 56 divide 4326?
False
Is 1400 a multiple of 50?
True
Is 5750 a multiple of 125?
True
Does 29 divide 1682?
True
Does 21 divide 9041?
False
Is 1185 a multiple of 15?
True
Is 63 a factor of 10690?
False
Does 4 divide 9674?
False
Does 15 divide 22538?
False
Does 18 divide 270?
True
Is 7 a factor of 2485?
True
Does 95 divide 3391?
False
Does 49 divide 833?
True
Does 25 divide 51727?
False
Is 5324 a multiple of 121?
True
Is 40 a factor of 1160?
True
Does 51 divide 1027?
False
Is 264 a multiple of 22?
True
Is 2165 a multiple of 6?
False
Is 115 a factor of 2915?
False
Is 20676 a multiple of 8?
False
Is 1840 a multiple of 18?
False
Is 41 a factor of 41?
True
Is 119100 a multiple of 15?
True
Is 222 a factor of 46162?
False
Is 5785 a multiple of 89?
True
Does 72 divide 11664?
True
Does 7 divide 412?
False
Is 3875 a multiple of 15?
False
Is 18 a factor of 49104?
True
Is 166 a factor of 19422?
True
Is 4 a factor of 6831?
False
Is 37 a factor of 1919?
False
Does 28 divide 2232?
False
Is 18 a factor of 9508?
False
Is 11520 a multiple of 10?
True
Does 3 divide 1681?
False
Is 5742 a multiple of 127?
False
Is 12695 a multiple of 37?
False
Is 1280 a multiple of 64?
True
Is 2667 a multiple of 15?
False
Is 210 even?
True
Is 32 a factor of 3856?
False
Is 25 a factor of 12384?
False
Does 19 divide 741?
True
Is 18623 a multiple of 11?
True
Does 16 divide 3030?
False
Is 2059 a multiple of 9?
False
Is 1078 a multiple of 23?
False
Is 8876 a multiple of 14?
True
Is 153 a factor of 10404?
True
Is 13032 a multiple of 12?
True
Does 15 divide 41262?
False
Is 20 a factor of 10472?
False
Does 2 divide 18154?
True
Does 5 divide 16095?
True
Is 30328 a multiple of 136?
True
Does 126 divide 416?
False
Is 615 a multiple of 41?
True
Is 6828 a multiple of 12?
True
Is 2320 a multiple of 12?
False
Is 20 a factor of 1908?
False
Is 42 a factor of 41706?
True
Does 46 divide 195?
False
Is 13395 a multiple of 95?
True
Does 58 divide 928?
True
Is 26 a factor of 64584?
True
Does 114 divide 28148?
False
Does 60 divide 26524?
False
Is 27 a factor of 3518?
False
Is 13335 a multiple of 15?
True
Is 17 a factor of 2431?
True
Is 49 a factor of 6082?
False
Is 22 a factor of 8752?
False
Does 14 divide 1890?
True
Does 13 divide 1417?
True
Is 81 a factor of 133514?
False
Is 42 a factor of 193790?
False
Does 13 divide 1906?
False
Does 9 divide 19573?
False
Does 13 divide 713?
False
Does 13 divide 5303?
False
Is 22842 a multiple of 94?
True
Does 25 divide 2450?
True
Does 13 divide 171496?
True
Is 24 a factor of 32424?
True
Is 130 a factor of 4373?
False
Does 57 divide 6398?
False
Is 162 a multiple of 27?
True
Is 38 a factor of 13908?
True
Is 290 a multiple of 29?
True
Does 42 divide 12936?
True
Is 16 a factor of 291?
False
Is 267 a factor of 29904?
True
Does 43 divide 559?
True
Is 5082 a multiple of 66?
True
Does 14 divide 33089?
False
Does 4 divide 13323?
False
Does 6 divide 1002?
True
Is 20130 a multiple of 55?
True
Is 63984 a multiple of 43?
True
Does 6 divide 19249?
False
Is 1500 a multiple of 30?
True
Does 26 divide 650?
True
Is 58 a factor of 2784?
True
Is 48 a multiple of 14?
False
Does 35 divide 420?
True
Does 60 divide 728?
False
Is 21 a factor of 5257?
False
Is 1557 a multiple of 9?
True
Is 123 a factor of 13513?
False
Is 138 a factor of 12696?
True
Is 3456 a multiple of 48?
True
Is 2880 a multiple of 240?
True
Does 23 divide 6785?
True
Is 26 a factor of 3557?
False
Does 2 divide 824?
True
Is 10 a factor of 26640?
True
Is 4 a factor of 665?
False
Is 121 a factor of 4598?
True
Is 4 a factor of 10524?
True
Is 34 a multiple of 34?
True
Is 2302 a multiple of 38?
False
Is 19680 a multiple of 5?
True
Does 14 divide 952?
True
Does 18 divide 1026?
True
Is 25 a factor of 2425?
True
Is 14 a factor of 4536?
True
Is 21 a factor of 7308?
True
Is 2477 a multiple of 104?
False
Does 14 divide 349?
False
Is 2 a factor of 3255?
False
Does 37 divide 9250?
True
Is 2139 a multiple of 23?
True
Is 2 a factor of 30?
True
Does 50 divide 646?
False
Does 4 divide 49?
False
Does 3 divide 1195?
False
Is 323 a multiple of 17?
True
Is 8422 a multiple of 37?
False
Is 4104 a multiple of 9?
True
Is 4687 a multiple of 46?
False
Is 34 a factor of 1323?
False
Is 14 a factor of 8192?
False
Is 23751 a multiple of 29?
True
Does 22 divide 1671?
False
Is 35 a factor of 735?
True
Is 17 a factor of 1459?
False
Is 3 a factor of 3110?
False
Is 11 a factor of 6215?
True
Does 55 divide 26194?
False
Is 1379 a multiple of 8?
False
Does 11 divide 990?
True
Is 16 a factor of 54144?
True
Is 20 a factor of 1569?
False
Is 30 a factor of 1088?
False
Is 1863 a multiple of 78?
False
Is 97755 a multiple of 399?
True
Is 567 a multiple of 81?
True
Is 5 a factor of 5184?
False
Is 58 a factor of 5174?
False
Is 688 a multiple of 16?
True
Is 276 a multiple of 109?
False
Is 3876 a multiple of 51?
True
Does 27 divide 10530?
True
Is 1948 a multiple of 35?
False
Does 7 divide 217?
True
Does 18 divide 12677?
False
Does 12 divide 25833?